{"id":6,"date":"2021-01-17T15:36:08","date_gmt":"2021-01-17T14:36:08","guid":{"rendered":"https:\/\/steuer-rm.de\/?page_id=6"},"modified":"2021-01-17T19:35:21","modified_gmt":"2021-01-17T18:35:21","slug":"startseite","status":"publish","type":"page","link":"https:\/\/steuer-rm.de\/","title":{"rendered":""},"content":{"rendered":"\n<div class=\"wp-block-cover alignfull has-nv-light-bg-background-color has-background-dim\" style=\"background-image:url(https:\/\/steuer-rm.de\/wp-content\/uploads\/2021\/01\/Office-1-scaled.jpg);min-height:1065px;background-position:58% 95%;aspect-ratio:unset;\"><div class=\"wp-block-cover__inner-container is-layout-flow wp-block-cover-is-layout-flow\">\n<h1 class=\"has-text-align-center has-text-color wp-block-heading\" style=\"color:#121212\">Meine Expertise f\u00fcr Ihren Erfolg&#8230;<\/h1>\n\n\n\n<p class=\"has-text-align-center has-text-color\" style=\"color:#121212;font-size:17px\">Konzentrieren Sie sich auf Ihr Business und \u00fcberlassen Sie mir s\u00e4mtliche steuerrechtliche Aspekte.<\/p>\n\n\n\n<div style=\"height:185px\" aria-hidden=\"true\" class=\"wp-block-spacer\"><\/div>\n\n\n\n<div class=\"wp-block-buttons aligncenter is-layout-flex wp-block-buttons-is-layout-flex\"><\/div>\n\n\n\n<div style=\"height:80px\" aria-hidden=\"true\" class=\"wp-block-spacer\"><\/div>\n\n\n\n<div style=\"height:80px\" aria-hidden=\"true\" class=\"wp-block-spacer\"><\/div>\n<\/div><\/div>\n\n\n\n<div style=\"height:69px\" aria-hidden=\"true\" class=\"wp-block-spacer\"><\/div>\n\n\n\n<h2 class=\"wp-block-heading\">Leistungen<\/h2>\n\n\n\n<div style=\"height:29px\" aria-hidden=\"true\" class=\"wp-block-spacer\"><\/div>\n\n\n\n<div class=\"wp-block-columns is-layout-flex wp-container-core-columns-is-layout-9d6595d7 wp-block-columns-is-layout-flex\">\n<div class=\"wp-block-column is-layout-flow wp-block-column-is-layout-flow\">\n<div class=\"wp-block-image icon-style is-style-rounded\"><figure class=\"aligncenter size-large is-resized\"><img loading=\"lazy\" decoding=\"async\" src=\"https:\/\/steuer-rm.de\/wp-content\/uploads\/2021\/01\/Behoerde.png\" alt=\"\" class=\"wp-image-32\" width=\"60\" height=\"60\" srcset=\"https:\/\/steuer-rm.de\/wp-content\/uploads\/2021\/01\/Behoerde.png 244w, https:\/\/steuer-rm.de\/wp-content\/uploads\/2021\/01\/Behoerde-150x150.png 150w\" sizes=\"auto, (max-width: 60px) 100vw, 60px\" \/><\/figure><\/div>\n\n\n\n<h4 class=\"has-text-align-center has-neve-text-color-color has-text-color wp-block-heading\">Umsatzsteuer-voranmeldung<\/h4>\n\n\n\n<div style=\"height:20px\" aria-hidden=\"true\" class=\"wp-block-spacer\"><\/div>\n<\/div>\n\n\n\n<div class=\"wp-block-column is-layout-flow wp-block-column-is-layout-flow\">\n<div class=\"wp-block-image icon-style is-style-rounded\"><figure class=\"aligncenter size-large is-resized\"><img loading=\"lazy\" decoding=\"async\" src=\"https:\/\/steuer-rm.de\/wp-content\/uploads\/2021\/01\/Rechner.png\" alt=\"\" class=\"wp-image-31\" width=\"60\" height=\"60\" srcset=\"https:\/\/steuer-rm.de\/wp-content\/uploads\/2021\/01\/Rechner.png 241w, https:\/\/steuer-rm.de\/wp-content\/uploads\/2021\/01\/Rechner-150x150.png 150w\" sizes=\"auto, (max-width: 60px) 100vw, 60px\" \/><\/figure><\/div>\n\n\n\n<h4 class=\"has-text-align-center has-neve-text-color-color has-text-color wp-block-heading\">Einnahmen- und \u00dcberschussrechnung<\/h4>\n\n\n\n<div style=\"height:20px\" aria-hidden=\"true\" class=\"wp-block-spacer\"><\/div>\n<\/div>\n\n\n\n<div class=\"wp-block-column is-layout-flow wp-block-column-is-layout-flow\">\n<div class=\"wp-block-image icon-style is-style-rounded\"><figure class=\"aligncenter size-large is-resized\"><img loading=\"lazy\" decoding=\"async\" src=\"https:\/\/steuer-rm.de\/wp-content\/uploads\/2021\/01\/Ziel.png\" alt=\"\" class=\"wp-image-30\" width=\"61\" height=\"61\" srcset=\"https:\/\/steuer-rm.de\/wp-content\/uploads\/2021\/01\/Ziel.png 244w, https:\/\/steuer-rm.de\/wp-content\/uploads\/2021\/01\/Ziel-150x150.png 150w\" sizes=\"auto, (max-width: 61px) 100vw, 61px\" \/><\/figure><\/div>\n\n\n\n<h4 class=\"has-text-align-center has-neve-text-color-color has-text-color wp-block-heading\">Jahresabschluss-erstellung<\/h4>\n<\/div>\n\n\n\n<div class=\"wp-block-column is-layout-flow wp-block-column-is-layout-flow\">\n<div class=\"wp-block-image icon-style is-style-rounded\"><figure class=\"aligncenter size-large is-resized\"><img loading=\"lazy\" decoding=\"async\" src=\"https:\/\/steuer-rm.de\/wp-content\/uploads\/2021\/01\/waage-2.png\" alt=\"\" class=\"wp-image-37\" width=\"72\" height=\"72\" srcset=\"https:\/\/steuer-rm.de\/wp-content\/uploads\/2021\/01\/waage-2.png 273w, https:\/\/steuer-rm.de\/wp-content\/uploads\/2021\/01\/waage-2-150x150.png 150w\" sizes=\"auto, (max-width: 72px) 100vw, 72px\" \/><\/figure><\/div>\n\n\n\n<h4 class=\"has-text-align-center has-neve-text-color-color has-text-color wp-block-heading\">Bilanzierung<\/h4>\n<\/div>\n<\/div>\n\n\n\n<div style=\"height:39px\" aria-hidden=\"true\" class=\"wp-block-spacer\"><\/div>\n\n\n\n<div class=\"wp-block-cover alignfull has-nv-light-bg-background-color has-background-dim\" style=\"min-height:1256px;aspect-ratio:unset;\"><div class=\"wp-block-cover__inner-container is-layout-flow wp-block-cover-is-layout-flow\">\n<div class=\"wp-block-group\"><div class=\"wp-block-group__inner-container is-layout-flow wp-block-group-is-layout-flow\">\n<div style=\"height:80px\" aria-hidden=\"true\" class=\"wp-block-spacer\"><\/div>\n\n\n\n<div class=\"wp-block-columns are-vertically-aligned-center is-layout-flex wp-container-core-columns-is-layout-9d6595d7 wp-block-columns-is-layout-flex\">\n<div class=\"wp-block-column is-vertically-aligned-center is-layout-flow wp-block-column-is-layout-flow\" style=\"flex-basis:50%\">\n<figure class=\"wp-block-image size-large is-style-default\"><img loading=\"lazy\" decoding=\"async\" width=\"399\" height=\"485\" src=\"https:\/\/steuer-rm.de\/wp-content\/uploads\/2021\/01\/Rita.jpg\" alt=\"\" class=\"wp-image-43\" srcset=\"https:\/\/steuer-rm.de\/wp-content\/uploads\/2021\/01\/Rita.jpg 399w, https:\/\/steuer-rm.de\/wp-content\/uploads\/2021\/01\/Rita-247x300.jpg 247w\" sizes=\"auto, (max-width: 399px) 100vw, 399px\" \/><\/figure>\n<\/div>\n\n\n\n<div class=\"wp-block-column is-vertically-aligned-center is-layout-flow wp-block-column-is-layout-flow\" style=\"flex-basis:50%\">\n<div style=\"height:20px\" aria-hidden=\"true\" class=\"wp-block-spacer\"><\/div>\n\n\n\n<h2 class=\"has-text-align-left has-neve-text-color-color has-text-color wp-block-heading\">\u00dcber mich<\/h2>\n\n\n\n<p class=\"has-neve-link-color-color has-text-color\">Mein Name ist Rita Mandel. Seit mehr als 20 Jahren engagiere ich mich f\u00fcr Selbst\u00e4ndige, Unternehmer und Privatpersonen.<br><br>Ich bin Ihre zuverl\u00e4ssige Steuerberaterin und decke s\u00e4mtliche steuerrechtlichen Aspekte Ihres Unternehmens ab. Dazu geh\u00f6ren alle steuerrechtlichen Verpflichtungen inklusive der Koordination der Fristen und der Kommunikation mit den Finanzbeh\u00f6rden. Vor allem aber unterst\u00fctzen wir Sie in der Optimierung Ihrer Abgabenlast und der Erf\u00fcllung der steuerrechtlichen Verpflichtungen.<br><br>Meine Steuerberatung wird auf Ihre Bed\u00fcrfnisse zugeschnitten, sodass Ihr Nutzen stets im Vordergrund steht.<br><br>Schwerpunkte liegen u.a. in der steuerlichen Beratung von Freiberuflern und Gewerbebetrieben aus folgenden Bereichen:<br><\/p>\n\n\n\n<ul id=\"block-dd0fe5f9-7dac-4d40-8000-7d9309ddd3c9\" class=\"has-neve-link-color-color has-text-color wp-block-list\"><li>Landwirtschaft<\/li><li>&#8230;<\/li><li>&#8230;<\/li><\/ul>\n\n\n\n<div class=\"wp-block-buttons alignleft is-layout-flex wp-block-buttons-is-layout-flex\"><\/div>\n<\/div>\n<\/div>\n\n\n\n<div style=\"height:40px\" aria-hidden=\"true\" class=\"wp-block-spacer\"><\/div>\n<\/div><\/div>\n<\/div><\/div>\n\n\n\n<p><\/p>\n","protected":false},"excerpt":{"rendered":"<p>Leistungen Umsatzsteuer-voranmeldung Einnahmen- und \u00dcberschussrechnung Jahresabschluss-erstellung Bilanzierung<\/p>\n","protected":false},"author":1,"featured_media":0,"parent":0,"menu_order":0,"comment_status":"closed","ping_status":"closed","template":"","meta":{"neve_meta_sidebar":"","neve_meta_container":"","neve_meta_enable_content_width":"on","neve_meta_content_width":100,"neve_meta_title_alignment":"","neve_meta_author_avatar":"","neve_post_elements_order":"","neve_meta_disable_header":"","neve_meta_disable_footer":"","neve_meta_disable_title":"on","footnotes":""},"class_list":["post-6","page","type-page","status-publish","hentry"],"_links":{"self":[{"href":"https:\/\/steuer-rm.de\/index.php?rest_route=\/wp\/v2\/pages\/6","targetHints":{"allow":["GET"]}}],"collection":[{"href":"https:\/\/steuer-rm.de\/index.php?rest_route=\/wp\/v2\/pages"}],"about":[{"href":"https:\/\/steuer-rm.de\/index.php?rest_route=\/wp\/v2\/types\/page"}],"author":[{"embeddable":true,"href":"https:\/\/steuer-rm.de\/index.php?rest_route=\/wp\/v2\/users\/1"}],"replies":[{"embeddable":true,"href":"https:\/\/steuer-rm.de\/index.php?rest_route=%2Fwp%2Fv2%2Fcomments&post=6"}],"version-history":[{"count":19,"href":"https:\/\/steuer-rm.de\/index.php?rest_route=\/wp\/v2\/pages\/6\/revisions"}],"predecessor-version":[{"id":70,"href":"https:\/\/steuer-rm.de\/index.php?rest_route=\/wp\/v2\/pages\/6\/revisions\/70"}],"wp:attachment":[{"href":"https:\/\/steuer-rm.de\/index.php?rest_route=%2Fwp%2Fv2%2Fmedia&parent=6"}],"curies":[{"name":"wp","href":"https:\/\/api.w.org\/{rel}","templated":true}]}}